{"id":437,"date":"2023-07-24T18:22:26","date_gmt":"2023-07-24T23:22:26","guid":{"rendered":"https:\/\/empresamudanzasmadrid.es\/blog\/?page_id=437"},"modified":"2023-07-24T18:31:36","modified_gmt":"2023-07-24T23:31:36","slug":"consejos-practicos-mudanzas","status":"publish","type":"page","link":"https:\/\/empresamudanzasmadrid.es\/blog\/consejos-practicos-mudanzas\/","title":{"rendered":"Consejos pr\u00e1cticos para una mudanza"},"content":{"rendered":"\t\t<div data-elementor-type=\"wp-page\" data-elementor-id=\"437\" class=\"elementor elementor-437\" data-elementor-post-type=\"page\">\n\t\t\t\t\t\t\t\t\t<section class=\"elementor-section elementor-top-section elementor-element elementor-element-7be4e07 elementor-section-boxed elementor-section-height-default elementor-section-height-default\" data-id=\"7be4e07\" data-element_type=\"section\">\n\t\t\t\t\t\t<div class=\"elementor-container elementor-column-gap-default\">\n\t\t\t\t\t<div class=\"elementor-column elementor-col-100 elementor-top-column elementor-element elementor-element-9108956\" data-id=\"9108956\" data-element_type=\"column\">\n\t\t\t<div class=\"elementor-widget-wrap elementor-element-populated\">\n\t\t\t\t\t\t\t\t<div class=\"elementor-element elementor-element-958f1ab elementor-widget elementor-widget-heading\" data-id=\"958f1ab\" data-element_type=\"widget\" data-widget_type=\"heading.default\">\n\t\t\t\t<div class=\"elementor-widget-container\">\n\t\t\t<style>\/*! elementor - v3.14.0 - 26-06-2023 *\/\n.elementor-heading-title{padding:0;margin:0;line-height:1}.elementor-widget-heading .elementor-heading-title[class*=elementor-size-]>a{color:inherit;font-size:inherit;line-height:inherit}.elementor-widget-heading .elementor-heading-title.elementor-size-small{font-size:15px}.elementor-widget-heading .elementor-heading-title.elementor-size-medium{font-size:19px}.elementor-widget-heading .elementor-heading-title.elementor-size-large{font-size:29px}.elementor-widget-heading .elementor-heading-title.elementor-size-xl{font-size:39px}.elementor-widget-heading .elementor-heading-title.elementor-size-xxl{font-size:59px}<\/style><h1 class=\"elementor-heading-title elementor-size-default\">Consejos pr\u00e1cticos durante su Mudanza<\/h1>\t\t<\/div>\n\t\t\t\t<\/div>\n\t\t\t\t<div class=\"elementor-element elementor-element-4cea7b4 elementor-widget elementor-widget-heading\" data-id=\"4cea7b4\" data-element_type=\"widget\" data-widget_type=\"heading.default\">\n\t\t\t\t<div class=\"elementor-widget-container\">\n\t\t\t<h2 class=\"elementor-heading-title elementor-size-default\">Empresa mudanzas Madrid<\/h2>\t\t<\/div>\n\t\t\t\t<\/div>\n\t\t\t\t<div class=\"elementor-element elementor-element-a875bae elementor-widget elementor-widget-text-editor\" data-id=\"a875bae\" data-element_type=\"widget\" data-widget_type=\"text-editor.default\">\n\t\t\t\t<div class=\"elementor-widget-container\">\n\t\t\t<style>\/*! elementor - v3.14.0 - 26-06-2023 *\/\n.elementor-widget-text-editor.elementor-drop-cap-view-stacked .elementor-drop-cap{background-color:#69727d;color:#fff}.elementor-widget-text-editor.elementor-drop-cap-view-framed .elementor-drop-cap{color:#69727d;border:3px solid;background-color:transparent}.elementor-widget-text-editor:not(.elementor-drop-cap-view-default) .elementor-drop-cap{margin-top:8px}.elementor-widget-text-editor:not(.elementor-drop-cap-view-default) .elementor-drop-cap-letter{width:1em;height:1em}.elementor-widget-text-editor .elementor-drop-cap{float:left;text-align:center;line-height:1;font-size:50px}.elementor-widget-text-editor .elementor-drop-cap-letter{display:inline-block}<\/style>\t\t\t\t<p>Mudarse es un proceso laborioso y que conlleva la planificaci\u00f3n de multitud de cosas. Tanto el traslado de todos sus muebles, electrodom\u00e9sticos y objetos personales como la notificaci\u00f3n del nuevo domicilio a empresas y organismos oficiales requiere tiempo y paciencia.<\/p><p>Nuestra Empresa de mudanza Syc visitar\u00e1 su domicilio para poder evaluar in situ las condiciones en las que se va a llevar a cabo la mudanza y le elaborar\u00e1 un presupuesto detallado por escrito. No hacemos presupuestos por tel\u00e9fono.<\/p>\t\t\t\t\t\t<\/div>\n\t\t\t\t<\/div>\n\t\t\t\t<div class=\"elementor-element elementor-element-6158b50 elementor-widget elementor-widget-heading\" data-id=\"6158b50\" data-element_type=\"widget\" data-widget_type=\"heading.default\">\n\t\t\t\t<div class=\"elementor-widget-container\">\n\t\t\t<h2 class=\"elementor-heading-title elementor-size-default\">Planificar la mudanza<\/h2>\t\t<\/div>\n\t\t\t\t<\/div>\n\t\t\t\t<div class=\"elementor-element elementor-element-c834b9f elementor-widget elementor-widget-text-editor\" data-id=\"c834b9f\" data-element_type=\"widget\" data-widget_type=\"text-editor.default\">\n\t\t\t\t<div class=\"elementor-widget-container\">\n\t\t\t\t\t\t\t<p>Una mudanza es el mejor momento para deshacerse de todas aquellas cosas que vamos almacenando y que ya no nos servir\u00e1n en nuestro nuevo hogar. Deposite toda la ropa que no quiera en los contenedores de recogida de ropa usada. Un buen destino para los libros son las bibliotecas. Empresa mudanzas Madrid<\/p><p>Deber\u00e1 asegurarse de que los muebles caben en su nuevo hogar en los lugares donde desee ponerlos. En caso contrario una buena opci\u00f3n es comunicarlo a familiares y amigos por si a ellos les pueden ser \u00fatiles \u00e9stos muebles. As\u00ed se ahorrar\u00e1 su mudanza. Mudanzas baratas Madrid<\/p><p>Deber\u00e1 preparar la baja de los servicios de agua, gas, electricidad, tel\u00e9fono e Internet, y el correspondiente alta en su nuevo domicilio. Mudanzas internacionales<\/p><p>Comience a vaciar su congelador y frigor\u00edfico de comida. En los \u00faltimos d\u00edas ser\u00e1 muy \u00fatil utilizar comida preparada, de modo que el d\u00eda de la mudanza, tanto el frigor\u00edfico como el congelador est\u00e9n vac\u00edos. Mudanzas baratas Madrid<\/p><p>Si tiene herramientas con flu\u00eddos inflamables (como aparatos cortac\u00e9sped) vac\u00edelos antes de la mudanza. Si se derraman pueden provocar accidentes irreparables. Mudanzas Madrid<\/p><p>El dinero, las joyas y la documentaci\u00f3n siempre deben ser transportados por usted. Es muy recomendable tener fotocopias de toda la documentacion. Empresa mudanzas Madrid<\/p><p>Hay que ser cuidadoso con el montaje y desmontaje de los muebles. Si no tiene experiencia, es mejor dejarlo en las manos de los profesionales de Syc, que se encargar\u00e1n del total desmontaje y montaje de todos sus muebles en su nuevo domicilio. Los muebles, con el paso del tiempo, ceden y se acoplan a posiciones que luego en el montaje posterior se deben respetar. Debemos numerar baldas, cajones y puertas con peque\u00f1os adhesivos de quita y pon. Todos los tornillos, bisagras y escuadras de cada mueble deben ser guardados en bolsas de pl\u00e1stico separadas. Tambi\u00e9n es buena idea sacar fotos de los muebles con una c\u00e1mara digital de modo que nos sirva de ayuda a posteriori. Mudanzas internacionales<\/p><p>No intente hacer la mudanza por uno mismo. Ser\u00e1 mucho m\u00e1s f\u00e1cil y m\u00e1s descansado para usted si el trabajo duro se lo deja a los profesionales de Syc. Mudanzas baratas Madrid<\/p><p>Syc realiz\u00e1 con usted un inventario de todas cajas.<\/p><p>Si decide embalar las cajas usted mismo, recuerde:<\/p><p>No las sobrecargue.<\/p><p>Una caja llena de libros pesa m\u00e1s de lo que cree.<\/p><p>Embale primero lo que menos vaya a usar.<\/p><p>Utilice etiquetas adhesivas grandes para indicar claramente el contenido de cada caja y en qu\u00e9 habitaci\u00f3n deber\u00e1 ser colocada en el nuevo domicilio. Numere las cajas y lleve una lista aparte de las mismas con su contenido. As\u00ed podr\u00e1 localizar cualquier cosa r\u00e1pidamente. Mudanzas Madrid<\/p><p>Utilice cajas separadas del resto con los art\u00edculos que usar\u00e1 de manera inmediata al llegar a su nuevo hogar: art\u00edculos de limpieza, tocador, toallas, ropas y juguetes de los ni\u00f1os, comidas de las mascotas&#8230; Mudanzas baratas Madrid.<\/p><p>Preste atenci\u00f3n al embalaje de los platos, vasos y dem\u00e1s objetos de la vajilla. Recuerde colocar los platos en posici\u00f3n vertical, nunca apilados uno sobre otro, protegidos de manera individual y con acolchamiento en la parte inferior de la caja. Haga lo mismo con todos los elementos de la vajilla. Marque estas cajas de manera especial para evitar que se apilen otras cajas encima de \u00e9stas. Mudanzas internacionales.<\/p>\t\t\t\t\t\t<\/div>\n\t\t\t\t<\/div>\n\t\t\t\t<div class=\"elementor-element elementor-element-fe8f3ec elementor-widget elementor-widget-heading\" data-id=\"fe8f3ec\" data-element_type=\"widget\" data-widget_type=\"heading.default\">\n\t\t\t\t<div class=\"elementor-widget-container\">\n\t\t\t<h2 class=\"elementor-heading-title elementor-size-default\">El gran d\u00eda<\/h2>\t\t<\/div>\n\t\t\t\t<\/div>\n\t\t\t\t<div class=\"elementor-element elementor-element-99f6300 elementor-widget elementor-widget-text-editor\" data-id=\"99f6300\" data-element_type=\"widget\" data-widget_type=\"text-editor.default\">\n\t\t\t\t<div class=\"elementor-widget-container\">\n\t\t\t\t\t\t\t<p>Los profesionales de Syc se encargar\u00e1n de que la mudanza se lleve a cabo con total \u00e9xito.<\/p><p>Preste especial atenci\u00f3n a ni\u00f1os, personas mayores a su cargo y animales de compa\u00f1\u00eda, si los tiene. Ser\u00e1 un momento especialmente estresante para ellos. Empresa mudanzas Madrid<\/p><p>Una vez terminada la mudanza, vuelva a su antigua casa y verifique que absolutamente todas las habitaciones est\u00e1n vac\u00edas. Al abandonar el domicilio, corte la llaves de paso del agua, de la luz y del gas. Mudanzas Madrid<\/p>\t\t\t\t\t\t<\/div>\n\t\t\t\t<\/div>\n\t\t\t\t<div class=\"elementor-element elementor-element-701ec83 elementor-widget elementor-widget-heading\" data-id=\"701ec83\" data-element_type=\"widget\" data-widget_type=\"heading.default\">\n\t\t\t\t<div class=\"elementor-widget-container\">\n\t\t\t<h2 class=\"elementor-heading-title elementor-size-default\">... y despu\u00e9s<\/h2>\t\t<\/div>\n\t\t\t\t<\/div>\n\t\t\t\t<div class=\"elementor-element elementor-element-d206f31 elementor-widget elementor-widget-text-editor\" data-id=\"d206f31\" data-element_type=\"widget\" data-widget_type=\"text-editor.default\">\n\t\t\t\t<div class=\"elementor-widget-container\">\n\t\t\t\t\t\t\t<p>Vaya desembalando poco a poco las cajas. Deje para el final las cosas que menos utilice. Si ha etiquetado correctamente el contenido de caja no tendr\u00e1 ning\u00fan problema para encontrar cualquier objeto que necesite. Mudanzas baratas Madrid<\/p><p>Deber\u00e1 actualizar su nueva direcci\u00f3n en sus documentos personales lo antes posible, para evitarse una multa: Documento Nacional de Identidad, Carnet de conducir, pasaporte&#8230; Mudanzas internacionales<\/p>\t\t\t\t\t\t<\/div>\n\t\t\t\t<\/div>\n\t\t\t\t<div class=\"elementor-element elementor-element-fd62459 elementor-widget elementor-widget-text-editor\" data-id=\"fd62459\" data-element_type=\"widget\" data-widget_type=\"text-editor.default\">\n\t\t\t\t<div class=\"elementor-widget-container\">\n\t\t\t\t\t\t\t<p><a href=\"\/contacto\">\u00bfTiene mas preguntas? Estaremos encantados de atenderle.<\/a><\/p>\t\t\t\t\t\t<\/div>\n\t\t\t\t<\/div>\n\t\t\t\t\t<\/div>\n\t\t<\/div>\n\t\t\t\t\t\t\t<\/div>\n\t\t<\/section>\n\t\t\t\t\t\t\t<\/div>\n\t\t","protected":false},"excerpt":{"rendered":"<p>Consejos pr\u00e1cticos durante su Mudanza Empresa mudanzas Madrid Mudarse es un proceso laborioso y que conlleva la planificaci\u00f3n de multitud de cosas. Tanto el traslado de todos sus muebles, electrodom\u00e9sticos y objetos personales como la notificaci\u00f3n del nuevo domicilio a empresas y organismos oficiales requiere tiempo y paciencia. Nuestra Empresa de mudanza Syc visitar\u00e1 su &hellip;<\/p>\n<p class=\"read-more\"> <a class=\"\" href=\"https:\/\/empresamudanzasmadrid.es\/blog\/consejos-practicos-mudanzas\/\"> <span class=\"screen-reader-text\">Consejos pr\u00e1cticos para una mudanza<\/span> Leer m\u00e1s &raquo;<\/a><\/p>\n","protected":false},"author":1,"featured_media":0,"parent":0,"menu_order":0,"comment_status":"closed","ping_status":"closed","template":"elementor_header_footer","meta":{"site-sidebar-layout":"no-sidebar","site-content-layout":"page-builder","ast-global-header-display":"","ast-banner-title-visibility":"","ast-main-header-display":"","ast-hfb-above-header-display":"","ast-hfb-below-header-display":"","ast-hfb-mobile-header-display":"","site-post-title":"disabled","ast-breadcrumbs-content":"","ast-featured-img":"disabled","footer-sml-layout":"","theme-transparent-header-meta":"","adv-header-id-meta":"","stick-header-meta":"","header-above-stick-meta":"","header-main-stick-meta":"","header-below-stick-meta":"","footnotes":""},"class_list":["post-437","page","type-page","status-publish","hentry"],"_links":{"self":[{"href":"https:\/\/empresamudanzasmadrid.es\/blog\/wp-json\/wp\/v2\/pages\/437","targetHints":{"allow":["GET"]}}],"collection":[{"href":"https:\/\/empresamudanzasmadrid.es\/blog\/wp-json\/wp\/v2\/pages"}],"about":[{"href":"https:\/\/empresamudanzasmadrid.es\/blog\/wp-json\/wp\/v2\/types\/page"}],"author":[{"embeddable":true,"href":"https:\/\/empresamudanzasmadrid.es\/blog\/wp-json\/wp\/v2\/users\/1"}],"replies":[{"embeddable":true,"href":"https:\/\/empresamudanzasmadrid.es\/blog\/wp-json\/wp\/v2\/comments?post=437"}],"version-history":[{"count":7,"href":"https:\/\/empresamudanzasmadrid.es\/blog\/wp-json\/wp\/v2\/pages\/437\/revisions"}],"predecessor-version":[{"id":445,"href":"https:\/\/empresamudanzasmadrid.es\/blog\/wp-json\/wp\/v2\/pages\/437\/revisions\/445"}],"wp:attachment":[{"href":"https:\/\/empresamudanzasmadrid.es\/blog\/wp-json\/wp\/v2\/media?parent=437"}],"curies":[{"name":"wp","href":"https:\/\/api.w.org\/{rel}","templated":true}]}}